t(q) = -9*c(q) - 4*v(q). Let g be 1*3*(-1)/(-1). Give t(g).
-5
Let y = 331 - 154. Let k(d) = 176*d - 9 - y*d + 2. Let j be k(-3). Let r(q) = -q**2 - 4*q + 4. Calculate r(j).
4
Let l(x) = -8*x**3 + 13*x**2 + 3*x + 4. Let j(s) = 13*s**3 - 25*s**2 - 5*s - 7. Let h(d) = -3*j(d) - 5*l(d). Determine h(-10).
1
Let y = 14 - 9. Suppose -4*v - a + 10 = 0, 3*v - a + 6 = y*v. Let h(n) = 5*n**v - n - 2 - n**3 - 4 + 4*n. Calculate h(5).
9
Let b be (-150)/(-54) + (-4)/(-18). Suppose -r - b*r = -4. Let k(w) = r - 4*w**2 + 3*w**2 + 7 + 5*w. Calculate k(6).
2
Let o(c) = -5*c**2 + 11*c**2 - 4 - 2*c**2 - 3*c**2 + c. Suppose 0 = -4*j + 4*h - 4, -5*j - 4*h + 3 + 1 = 0. Determine o(j).
-4
Let a(d) be the first derivative of d**3/3 - d**2 - 4*d + 112. Give a(7).
31
Let d(u) = -2251*u + 62 - 61 + 2230*u. Let p be (1 + 2)*1/(-3). Determine d(p).
22
Let r = -7 + 11. Let q(w) = 9*w - 35. Let m(c) = -c + 6. Let y(l) = -5*m(l) - q(l). Calculate y(r).
-11
Let g be -28*(-10)/(-8)*(-14)/(-70). Let b(c) = c**3 + 7*c**2 - 2*c - 5. What is b(g)?
9
Let x(f) be the second derivative of -f**5/20 + 5*f**4/6 - 8*f**3/3 + f**2/2 + 191*f + 1. Calculate x(8).
1
Let y(m) = 7*m**2 + 5*m - 5. Let h be (-7)/((-28)/(-12)) + 10. Let v(o) = 10*o**2 + 7*o - 7. Let r(q) = h*y(q) - 5*v(q). What is r(2)?
-4
Let l(q) = 4*q**2 - 9 + 2 + 2*q**2 - 2*q**2 - q**3 + 0*q**2. Give l(3).
2
Let d(z) be the second derivative of -z**5/15 + 2*z**3 - 10*z. Let o(y) be the second derivative of d(y). Calculate o(-1).
8
Let b(y) = y**3 - 8*y**2 - 9*y - 7. Let w be (-40)/(-30) + 23/3. Calculate b(w).
-7
Let y(w) be the third derivative of 56*w**2 + 0*w - 1/2*w**3 + 0 + 1/24*w**4. Let q(g) = g**3 + g + 4. Let r be q(0). Calculate y(r).
1
Let m(c) = -1 + c - 2*c + 5458*c**2 - 5456*c**2. Calculate m(4).
27
Let f(k) be the first derivative of -k**2/2 - 8*k - 2. Let h(r) = -r**2 + 5*r + 66. Let p be h(-6). Determine f(p).
-8
Let r(y) = -6*y**2 + 0*y**2 + 6 - 5*y**2 + 10*y**2. What is r(0)?
6
Let h(u) = -u + 1. Suppose -5*n = 3*w + 2, 4*w + 2*n - 9 = 7*n. Give h(w).
0
Let z(w) be the second derivative of -w**4/12 + w**3/6 + w**2/2 + 3*w. Suppose 0 = 3*t - 5*x + 2 - 1, 0 = -3*t - x - 7. Give z(t).
-5
Let o(u) = 6*u + 4. Let s(r) = 3*r + 89 - 4*r - 90. Let q(b) = 2*o(b) + 11*s(b). What is q(0)?
-3
Let p(o) = -20*o**2 + 6 - 3 - 20*o**2 + 8*o + 39*o**2 - 3*o. What is p(5)?
3
Let n(k) be the first derivative of -5*k**4/24 + k**3/6 - 49*k**2/2 - 20. Let g(j) be the second derivative of n(j). Calculate g(4).
-19
Suppose -50 = -7*a + 90. Let l = a - 15. Let y(d) = -d**2 + 5*d + 1. What is y(l)?
1
Let j(l) = 5*l**3 + 13*l**2 - 11*l + 14. Let d(k) = -2*k**3 - k**2 - 1. Let o(n) = 3*d(n) + j(n). Calculate o(9).
-7
Suppose -2*s - 4*x + 4 = 0, -3*x - 66 = -5*s + x. Let l = s - 5. Suppose 6 = -l*a + g, 3*a + 2*a = -3*g - 2. Let v(z) = 6*z**3 - 2*z**2 - z. Give v(a).
-7
Let h(a) = a + 3. Let t(d) = d + 2. Let f(s) = 4*h(s) - 3*t(s). Suppose 45*n - 49*n = 16. Let k be f(n). Let l(c) = c**3 - 4*c**2 + 4*c - 2. Calculate l(k).
-2
Let z(k) = -2*k - 2. Let j be (-2 - 0)/(3/(-12)). Suppose -3*v = -4 - j. Determine z(v).
-10
Suppose 9*x - x = 56. Let c(i) = -i + 9 - x*i + 9*i. Determine c(-9).
0
Suppose 0 = 8*z - 13*z. Let s(r) = -11 + 0 - r**2 + r - r**3 + 0*r**3. Give s(z).
-11
Let s(x) be the second derivative of 5*x**4/12 - x**3/6 - x. Let i(r) = -r**2 - 10*r + 40. Suppose -15*p - 55 = 140. Let v be i(p). Determine s(v).
4
Let g(u) = 1 + 205*u - 2*u**2 - 206*u - 2*u**2. What is g(1)?
-4
Let j(d) be the first derivative of d**3/3 - 9*d**2/2 + 2*d - 100. Determine j(6).
-16
Let j(b) = -4*b + 1. Suppose 5 = -s - 9. Let i be (-7)/s - (-7)/(-2). Calculate j(i).
13
Let v(m) = -m. Suppose -79 = -7*z + 47. Suppose 0 = -2*l - 2*g - z, 0 = -2*l - 0*g + 4*g. What is v(l)?
6
Suppose 4*q - l - 3 = 4*l, 1 = 2*q - 3*l. Suppose -4*w + 3*d = -3 + 16, -w - q*d + 5 = 0. Let g(t) = 11*t**3 - 2*t**2 - 2*t - 1. Give g(w).
-12
Let c(k) = -2*k + 1. Let h(a) = 3*a - 1. Let s(m) = -4*c(m) - 3*h(m). Let i = -52 + 47. What is s(i)?
4
Let n(s) = s - 14. Let y(k) = k**2 - 4*k - 30. Let t be y(8). Suppose a + 2*v - 1 + t = 0, 3*a - 2*v = 37. Calculate n(a).
-5
Let v be (12/(-2))/2 - -12. Suppose 13*p - v*p - 8 = 0. Let n(l) = l**3 + 1. What is n(p)?
9
Let j be (-51)/(-12) - (-2 - 18/(-8)). Let r = 0 - -2. Let c(y) = 2*y**r - 5*y**2 + 7*y + 2*y**2 - 4. Give c(j).
8
Let h(k) = -16 + 6*k**2 + 36 - 6 - 12 + 4*k. Give h(-2).
18
Let y be ((-28)/(-24)*3 + -3)*-12. Let f(g) = g**2 + 6*g - 3. Give f(y).
-3
Let u(h) = -h - 13. Let z be 744/8*(-1)/3. Let g = 25 + z. Give u(g).
-7
Let r(d) = 2*d - 2. Let z(c) = 11*c - 9. Let f(p) = -6*r(p) + z(p). What is f(-4)?
7
Let s(p) = -p**2 + 12*p + 10. Let m be s(12). Let v be 0 - (m/15)/((-6)/(-9)). Let x(c) = 13*c**2 + c. What is x(v)?
12
Let x(y) = y**2 - 2*y + 3. Let d be x(3). Suppose -2*w + d = 2. Let s(a) = -9 + 10*a - a**3 - 5*a**w - 2*a**2 + 20. Give s(-8).
-5
Let x(s) = 5*s + 1. Let i(g) = 2*g**2 + 25*g + 21. Let m be i(-10). Let y = 28 + m. Calculate x(y).
-4
Let z(y) be the second derivative of 0 + 0*y**2 + 0*y**3 - 1/4*y**4 - 1/20*y**5 + 1/720*y**6 - 5*y. Let c(o) be the third derivative of z(o). Calculate c(0).
-6
Let o(a) = -a**3 + 9*a**2 - 9*a + 12. Let v = -87 - -89. Let y be (1 + 0)*(v + (-2 - -8)). Determine o(y).
4
Let r(j) = 16 - 1036*j - 1038*j + 10 + 2072*j. What is r(15)?
-4
Let b(a) = 5*a + 8. Let z(k) = -k - 2. Let w(t) = -2*b(t) - 9*z(t). Suppose q + 2*o = 4, 3 = 2*q + 3*o - 4. Let j be 1 + -1 - (q - 0). Give w(j).
4
Let o(z) = -z**3 + 10*z**2 - 10*z. Suppose -5*i = -2*f + 3, -10*i + 18 = f - 7*i. What is o(f)?
-9
Let c(a) be the first derivative of 11/2*a**2 - 12 + a. Give c(1).
12
Let w(s) = -s**3 - 2*s - 4. Let b(l) = l**2 + 4*l - 4. Let p be b(-3). Let z = -7 - p. Let n be w(z). Let a(j) = j. Give a(n).
-4
Let z(i) = -i**3 - 11*i**2 - i - 2. Let u(a) = 2*a - 11. Let d be u(0). Calculate z(d).
9
Let s(y) = -15*y**2 + 17*y + 11. Let r(w) = -7*w**2 + 8*w + 5. Let g(d) = 13*r(d) - 6*s(d). Let j be (-10)/15 - 5/(-3). Determine g(j).
0
Let g(m) = m + 3. Let d be (18/(-21))/(3/(-42)). Let t be 2/(-3) - 220/d. Let c = 15 + t. Calculate g(c).
-1
Suppose -2*z - 49 = -53. Let x be 21/6 + z/4. Let a(y) = y**3 - 5*y**2 + 3*y + 3. Give a(x).
-1
Let s(o) be the first derivative of o**4/2 - o**3 + 3*o**2/2 + o - 111. Determine s(3).
37
Let r(a) = 2*a + 20. Suppose -82 = 9*t + 35. What is r(t)?
-6
Let w(z) be the second derivative of -z**4/12 + 4*z**3/3 - 3*z**2/2 - 217*z. Calculate w(6).
9
Let h(q) be the third derivative of -5/6*q**3 + 0 + 0*q - 15*q**2 - 1/8*q**4. Determine h(-4).
7
Suppose u - 30 = -5*u. Let r(v) = 8*v + v + 7 - v - 7*v. What is r(u)?
12
Let d(v) be the second derivative of -v**3/2 + 49*v**2/2 - 650*v. Determine d(18).
-5
Suppose -28*s + 16*s = 0. Let t(y) = -y - 34. Calculate t(s).
-34
Let f = 208 - 78. Let o be (f/39)/((-4)/(-6)). Let u(m) = 3*m + m - o*m**3 + 3 + 3*m**3. Calculate u(-2).
11
Let u(v) be the first derivative of v**2/2 + 5*v + 38. Give u(-4).
1
Let h(a) be the first derivative of a**2/2 + 7*a + 1. Suppose 0 = 2*c - c + 21. Let s = 18 + c. Determine h(s).
4
Let f(n) be the third derivative of n**6/120 + n**4/24 + 5*n**3/3 + 1892*n**2. Let z = -2 - -2. Determine f(z).
10
Suppose -8*k - 16 = -16*k. Let m(l) = -l + 0*l + k + 1. Calculate m(6).
-3
Let d(i) = 3*i + i**3 - 5*i**2 + 9421 - 9415 - 2*i**3. Determine d(-5).
-9
Let n(k) = -5*k - 7. Let j(z) = -z - 3. Let s(q) = -5*j(q) + 2*n(q). What is s(8)?
-39
Suppose -4*o + 18 = i, -8*o = -i - 3*o. Let q(p) be the first derivative of -i - 6*p + 3/2*p**2. Give q(5).
9
Let r be 20/3*96/80. Let o be (2/(-3))/(r/(-48)). Suppose 3*t = t + o. Let v(l) = -2*l**3 + l**2 - l + 2. What is v(t)?
-12
Let o(m) be the third derivative of -4*m**2 + 0*m + 1/8*m**4 + 2/3*m**3 + 0. Calculate o(5).
19
Let o(y) = -2*y**2 + y**3 - 7*y + 3*y**3 - 8*y**3 + 4 + 0*y**3. Let n(q) = -q**3 + q + 1 + 2*q - 4*q. Let h(v) = -5*n(v) + o(v). Determine h(-1).
-2
Let t(u) = 4*u**2 - 6*u + 14. Let m(z) = z**2 + 2*z + 2. Let k(y) = 2*m(y) - t(y). Give k(4).
-2
Let q(t) = t**3 - 7*t**2 - 4*t + 11. Let d = 612 + -605. Determine q(d).
-17
Let r(k) = -19*k**3 + 1. Suppose -2*y + 45 = -3*i, -4*i = -4 - 8. Suppose y = -6*q + 93. Let d = q + -12. Determine r(d).
20
Let n(b) = 35*b - 1.